{"id":17111,"date":"2023-10-10T08:58:12","date_gmt":"2023-10-10T08:58:12","guid":{"rendered":"https:\/\/solarmoov.com\/product\/solarmoov-reflektierender-wimpel"},"modified":"2024-06-27T13:58:18","modified_gmt":"2024-06-27T13:58:18","slug":"solarmoov-reflektierender-wimpel","status":"publish","type":"product","link":"https:\/\/solarmoov.com\/de\/produkt\/solarmoov-reflektierender-wimpel","title":{"rendered":"SolarMoov Reflektierender Wimpel"},"content":{"rendered":"<p>SolarMoov Reflektierender Wimpel f\u00fcr Kern Anh\u00e4nger.<\/p>\n<p>Zweiteiliges 6mm Carbonrohr (2x50cm) mit Aluminiumverbindung. Schnelle Befestigung ohne Werkzeug am Anh\u00e4nger. Zusammengeklappt passt alles in den Kofferraum des Anh\u00e4ngers. Gesamtl\u00e4nge 1,05 m.<\/p>\n<p><strong><a href=\"https:\/\/solarmoov.com\/wp-content\/uploads\/2023\/11\/Instructions-KERN.pdf\" target=\"_blank\" rel=\"noopener\">Download der Gebrauchs- und Montageanleitung<\/a><\/strong><\/p>\n","protected":false},"excerpt":{"rendered":"<p>SolarMoov Reflektierender Wimpel f\u00fcr Kern Anh\u00e4nger. Zweiteiliges 6mm Carbonrohr (2x50cm) mit Aluminiumverbindung. Schnelle Befestigung ohne Werkzeug am Anh\u00e4nger. Zusammengeklappt passt alles in den Kofferraum des Anh\u00e4ngers. Gesamtl\u00e4nge 1,05 m. Download der Gebrauchs- und Montageanleitung<\/p>\n","protected":false},"featured_media":15317,"template":"","meta":[],"product_brand":[],"product_cat":[124],"product_tag":[],"class_list":{"0":"post-17111","1":"product","2":"type-product","3":"status-publish","4":"has-post-thumbnail","6":"product_cat-mehrzweckanhanger-kern","7":"product_shipping_class-3-ersatzteil-klein","9":"first","10":"instock","11":"taxable","12":"shipping-taxable","13":"purchasable","14":"product-type-variable"},"yoast_head":"<!-- This site is optimized with the Yoast SEO plugin v27.3 - https:\/\/yoast.com\/product\/yoast-seo-wordpress\/ -->\n<title>SolarMoov Reflektierender Wimpel - SolarMoov<\/title>\n<meta name=\"robots\" content=\"index, follow, max-snippet:-1, max-image-preview:large, max-video-preview:-1\" \/>\n<link rel=\"canonical\" href=\"https:\/\/solarmoov.com\/de\/produkt\/solarmoov-reflektierender-wimpel\" \/>\n<meta property=\"og:locale\" content=\"de_DE\" \/>\n<meta property=\"og:type\" content=\"article\" \/>\n<meta property=\"og:title\" content=\"SolarMoov Reflektierender Wimpel - SolarMoov\" \/>\n<meta property=\"og:description\" content=\"SolarMoov Reflektierender Wimpel f\u00fcr Kern Anh\u00e4nger. Zweiteiliges 6mm Carbonrohr (2x50cm) mit Aluminiumverbindung. Schnelle Befestigung ohne Werkzeug am Anh\u00e4nger. Zusammengeklappt passt alles in den Kofferraum des Anh\u00e4ngers. Gesamtl\u00e4nge 1,05 m. Download der Gebrauchs- und Montageanleitung\" \/>\n<meta property=\"og:url\" content=\"https:\/\/solarmoov.com\/de\/produkt\/solarmoov-reflektierender-wimpel\" \/>\n<meta property=\"og:site_name\" content=\"SolarMoov\" \/>\n<meta property=\"article:publisher\" content=\"https:\/\/www.facebook.com\/Solarmoov\" \/>\n<meta property=\"article:modified_time\" content=\"2024-06-27T13:58:18+00:00\" \/>\n<meta property=\"og:image\" content=\"https:\/\/solarmoov.com\/wp-content\/uploads\/2023\/10\/fanion-orange-entier-scaled-e1699519355927.webp\" \/>\n\t<meta property=\"og:image:width\" content=\"1416\" \/>\n\t<meta property=\"og:image:height\" content=\"2560\" \/>\n\t<meta property=\"og:image:type\" content=\"image\/webp\" \/>\n<meta name=\"twitter:card\" content=\"summary_large_image\" \/>\n<script type=\"application\/ld+json\" class=\"yoast-schema-graph\">{\"@context\":\"https:\\\/\\\/schema.org\",\"@graph\":[{\"@type\":\"WebPage\",\"@id\":\"https:\\\/\\\/solarmoov.com\\\/de\\\/produkt\\\/solarmoov-reflektierender-wimpel\",\"url\":\"https:\\\/\\\/solarmoov.com\\\/de\\\/produkt\\\/solarmoov-reflektierender-wimpel\",\"name\":\"SolarMoov Reflektierender Wimpel - SolarMoov\",\"isPartOf\":{\"@id\":\"https:\\\/\\\/solarmoov.com\\\/de#website\"},\"primaryImageOfPage\":{\"@id\":\"https:\\\/\\\/solarmoov.com\\\/de\\\/produkt\\\/solarmoov-reflektierender-wimpel#primaryimage\"},\"image\":{\"@id\":\"https:\\\/\\\/solarmoov.com\\\/de\\\/produkt\\\/solarmoov-reflektierender-wimpel#primaryimage\"},\"thumbnailUrl\":\"https:\\\/\\\/solarmoov.com\\\/wp-content\\\/uploads\\\/2023\\\/10\\\/fanion-orange-entier-scaled-e1699519355927.webp\",\"datePublished\":\"2023-10-10T08:58:12+00:00\",\"dateModified\":\"2024-06-27T13:58:18+00:00\",\"breadcrumb\":{\"@id\":\"https:\\\/\\\/solarmoov.com\\\/de\\\/produkt\\\/solarmoov-reflektierender-wimpel#breadcrumb\"},\"inLanguage\":\"de\",\"potentialAction\":[{\"@type\":\"ReadAction\",\"target\":[\"https:\\\/\\\/solarmoov.com\\\/de\\\/produkt\\\/solarmoov-reflektierender-wimpel\"]}]},{\"@type\":\"ImageObject\",\"inLanguage\":\"de\",\"@id\":\"https:\\\/\\\/solarmoov.com\\\/de\\\/produkt\\\/solarmoov-reflektierender-wimpel#primaryimage\",\"url\":\"https:\\\/\\\/solarmoov.com\\\/wp-content\\\/uploads\\\/2023\\\/10\\\/fanion-orange-entier-scaled-e1699519355927.webp\",\"contentUrl\":\"https:\\\/\\\/solarmoov.com\\\/wp-content\\\/uploads\\\/2023\\\/10\\\/fanion-orange-entier-scaled-e1699519355927.webp\",\"width\":1416,\"height\":2560},{\"@type\":\"BreadcrumbList\",\"@id\":\"https:\\\/\\\/solarmoov.com\\\/de\\\/produkt\\\/solarmoov-reflektierender-wimpel#breadcrumb\",\"itemListElement\":[{\"@type\":\"ListItem\",\"position\":1,\"name\":\"Accueil\",\"item\":\"https:\\\/\\\/solarmoov.com\\\/de\\\/startseite\"},{\"@type\":\"ListItem\",\"position\":2,\"name\":\"BOUTIQUE\",\"item\":\"https:\\\/\\\/solarmoov.com\\\/de?page_id=17295\"},{\"@type\":\"ListItem\",\"position\":3,\"name\":\"SolarMoov Reflektierender Wimpel\"}]},{\"@type\":\"WebSite\",\"@id\":\"https:\\\/\\\/solarmoov.com\\\/de#website\",\"url\":\"https:\\\/\\\/solarmoov.com\\\/de\",\"name\":\"SolarMoov\",\"description\":\"Remorques pour v\u00e9los et cycles\",\"publisher\":{\"@id\":\"https:\\\/\\\/solarmoov.com\\\/de#organization\"},\"potentialAction\":[{\"@type\":\"SearchAction\",\"target\":{\"@type\":\"EntryPoint\",\"urlTemplate\":\"https:\\\/\\\/solarmoov.com\\\/de?s={search_term_string}\"},\"query-input\":{\"@type\":\"PropertyValueSpecification\",\"valueRequired\":true,\"valueName\":\"search_term_string\"}}],\"inLanguage\":\"de\"},{\"@type\":\"Organization\",\"@id\":\"https:\\\/\\\/solarmoov.com\\\/de#organization\",\"name\":\"SolarMoov\",\"url\":\"https:\\\/\\\/solarmoov.com\\\/de\",\"logo\":{\"@type\":\"ImageObject\",\"inLanguage\":\"de\",\"@id\":\"https:\\\/\\\/solarmoov.com\\\/de#\\\/schema\\\/logo\\\/image\\\/\",\"url\":\"https:\\\/\\\/solarmoov.com\\\/wp-content\\\/uploads\\\/2023\\\/05\\\/cropped-SIGNATURE-MAIL_icone-jaune-fond-vert.png\",\"contentUrl\":\"https:\\\/\\\/solarmoov.com\\\/wp-content\\\/uploads\\\/2023\\\/05\\\/cropped-SIGNATURE-MAIL_icone-jaune-fond-vert.png\",\"width\":512,\"height\":512,\"caption\":\"SolarMoov\"},\"image\":{\"@id\":\"https:\\\/\\\/solarmoov.com\\\/de#\\\/schema\\\/logo\\\/image\\\/\"},\"sameAs\":[\"https:\\\/\\\/www.facebook.com\\\/Solarmoov\",\"https:\\\/\\\/www.linkedin.com\\\/company\\\/86362551\"]}]}<\/script>\n<!-- \/ Yoast SEO plugin. -->","yoast_head_json":{"title":"SolarMoov Reflektierender Wimpel - SolarMoov","robots":{"index":"index","follow":"follow","max-snippet":"max-snippet:-1","max-image-preview":"max-image-preview:large","max-video-preview":"max-video-preview:-1"},"canonical":"https:\/\/solarmoov.com\/de\/produkt\/solarmoov-reflektierender-wimpel","og_locale":"de_DE","og_type":"article","og_title":"SolarMoov Reflektierender Wimpel - SolarMoov","og_description":"SolarMoov Reflektierender Wimpel f\u00fcr Kern Anh\u00e4nger. Zweiteiliges 6mm Carbonrohr (2x50cm) mit Aluminiumverbindung. Schnelle Befestigung ohne Werkzeug am Anh\u00e4nger. Zusammengeklappt passt alles in den Kofferraum des Anh\u00e4ngers. Gesamtl\u00e4nge 1,05 m. Download der Gebrauchs- und Montageanleitung","og_url":"https:\/\/solarmoov.com\/de\/produkt\/solarmoov-reflektierender-wimpel","og_site_name":"SolarMoov","article_publisher":"https:\/\/www.facebook.com\/Solarmoov","article_modified_time":"2024-06-27T13:58:18+00:00","og_image":[{"width":1416,"height":2560,"url":"https:\/\/solarmoov.com\/wp-content\/uploads\/2023\/10\/fanion-orange-entier-scaled-e1699519355927.webp","type":"image\/webp"}],"twitter_card":"summary_large_image","schema":{"@context":"https:\/\/schema.org","@graph":[{"@type":"WebPage","@id":"https:\/\/solarmoov.com\/de\/produkt\/solarmoov-reflektierender-wimpel","url":"https:\/\/solarmoov.com\/de\/produkt\/solarmoov-reflektierender-wimpel","name":"SolarMoov Reflektierender Wimpel - SolarMoov","isPartOf":{"@id":"https:\/\/solarmoov.com\/de#website"},"primaryImageOfPage":{"@id":"https:\/\/solarmoov.com\/de\/produkt\/solarmoov-reflektierender-wimpel#primaryimage"},"image":{"@id":"https:\/\/solarmoov.com\/de\/produkt\/solarmoov-reflektierender-wimpel#primaryimage"},"thumbnailUrl":"https:\/\/solarmoov.com\/wp-content\/uploads\/2023\/10\/fanion-orange-entier-scaled-e1699519355927.webp","datePublished":"2023-10-10T08:58:12+00:00","dateModified":"2024-06-27T13:58:18+00:00","breadcrumb":{"@id":"https:\/\/solarmoov.com\/de\/produkt\/solarmoov-reflektierender-wimpel#breadcrumb"},"inLanguage":"de","potentialAction":[{"@type":"ReadAction","target":["https:\/\/solarmoov.com\/de\/produkt\/solarmoov-reflektierender-wimpel"]}]},{"@type":"ImageObject","inLanguage":"de","@id":"https:\/\/solarmoov.com\/de\/produkt\/solarmoov-reflektierender-wimpel#primaryimage","url":"https:\/\/solarmoov.com\/wp-content\/uploads\/2023\/10\/fanion-orange-entier-scaled-e1699519355927.webp","contentUrl":"https:\/\/solarmoov.com\/wp-content\/uploads\/2023\/10\/fanion-orange-entier-scaled-e1699519355927.webp","width":1416,"height":2560},{"@type":"BreadcrumbList","@id":"https:\/\/solarmoov.com\/de\/produkt\/solarmoov-reflektierender-wimpel#breadcrumb","itemListElement":[{"@type":"ListItem","position":1,"name":"Accueil","item":"https:\/\/solarmoov.com\/de\/startseite"},{"@type":"ListItem","position":2,"name":"BOUTIQUE","item":"https:\/\/solarmoov.com\/de?page_id=17295"},{"@type":"ListItem","position":3,"name":"SolarMoov Reflektierender Wimpel"}]},{"@type":"WebSite","@id":"https:\/\/solarmoov.com\/de#website","url":"https:\/\/solarmoov.com\/de","name":"SolarMoov","description":"Remorques pour v\u00e9los et cycles","publisher":{"@id":"https:\/\/solarmoov.com\/de#organization"},"potentialAction":[{"@type":"SearchAction","target":{"@type":"EntryPoint","urlTemplate":"https:\/\/solarmoov.com\/de?s={search_term_string}"},"query-input":{"@type":"PropertyValueSpecification","valueRequired":true,"valueName":"search_term_string"}}],"inLanguage":"de"},{"@type":"Organization","@id":"https:\/\/solarmoov.com\/de#organization","name":"SolarMoov","url":"https:\/\/solarmoov.com\/de","logo":{"@type":"ImageObject","inLanguage":"de","@id":"https:\/\/solarmoov.com\/de#\/schema\/logo\/image\/","url":"https:\/\/solarmoov.com\/wp-content\/uploads\/2023\/05\/cropped-SIGNATURE-MAIL_icone-jaune-fond-vert.png","contentUrl":"https:\/\/solarmoov.com\/wp-content\/uploads\/2023\/05\/cropped-SIGNATURE-MAIL_icone-jaune-fond-vert.png","width":512,"height":512,"caption":"SolarMoov"},"image":{"@id":"https:\/\/solarmoov.com\/de#\/schema\/logo\/image\/"},"sameAs":["https:\/\/www.facebook.com\/Solarmoov","https:\/\/www.linkedin.com\/company\/86362551"]}]}},"_links":{"self":[{"href":"https:\/\/solarmoov.com\/de\/wp-json\/wp\/v2\/product\/17111","targetHints":{"allow":["GET"]}}],"collection":[{"href":"https:\/\/solarmoov.com\/de\/wp-json\/wp\/v2\/product"}],"about":[{"href":"https:\/\/solarmoov.com\/de\/wp-json\/wp\/v2\/types\/product"}],"wp:featuredmedia":[{"embeddable":true,"href":"https:\/\/solarmoov.com\/de\/wp-json\/wp\/v2\/media\/15317"}],"wp:attachment":[{"href":"https:\/\/solarmoov.com\/de\/wp-json\/wp\/v2\/media?parent=17111"}],"wp:term":[{"taxonomy":"product_brand","embeddable":true,"href":"https:\/\/solarmoov.com\/de\/wp-json\/wp\/v2\/product_brand?post=17111"},{"taxonomy":"product_cat","embeddable":true,"href":"https:\/\/solarmoov.com\/de\/wp-json\/wp\/v2\/product_cat?post=17111"},{"taxonomy":"product_tag","embeddable":true,"href":"https:\/\/solarmoov.com\/de\/wp-json\/wp\/v2\/product_tag?post=17111"}],"curies":[{"name":"wp","href":"https:\/\/api.w.org\/{rel}","templated":true}]}}

<p>SolarMoov Reflektierender Wimpel für Kern Anhänger.</p>
<p>Zweiteiliges 6mm Carbonrohr (2x50cm) mit Aluminiumverbindung. Schnelle Befestigung ohne Werkzeug am Anhänger. Zusammengeklappt passt alles in den Kofferraum des Anhängers. Gesamtlänge 1,05 m.</p>
<p><strong><a href="https://solarmoov.com/wp-content/uploads/2023/11/Instructions-KERN.pdf" target="_blank" rel="noopener">Download der Gebrauchs- und Montageanleitung</a></strong></p>

<p>SolarMoov Reflektierender Wimpel für Kern Anhänger. Zweiteiliges 6mm Carbonrohr (2x50cm) mit Aluminiumverbindung. Schnelle Befestigung ohne Werkzeug am Anhänger. Zusammengeklappt passt alles in den Kofferraum des Anhängers. Gesamtlänge 1,05 m. Download der Gebrauchs- und Montageanleitung</p>

<!-- This site is optimized with the Yoast SEO plugin v27.3 - https://yoast.com/product/yoast-seo-wordpress/ -->
<title>SolarMoov Reflektierender Wimpel - SolarMoov</title>
<meta name="robots" content="index, follow, max-snippet:-1, max-image-preview:large, max-video-preview:-1" />
<link rel="canonical" href="https://solarmoov.com/de/produkt/solarmoov-reflektierender-wimpel" />
<meta property="og:locale" content="de_DE" />
<meta property="og:type" content="article" />
<meta property="og:title" content="SolarMoov Reflektierender Wimpel - SolarMoov" />
<meta property="og:description" content="SolarMoov Reflektierender Wimpel für Kern Anhänger. Zweiteiliges 6mm Carbonrohr (2x50cm) mit Aluminiumverbindung. Schnelle Befestigung ohne Werkzeug am Anhänger. Zusammengeklappt passt alles in den Kofferraum des Anhängers. Gesamtlänge 1,05 m. Download der Gebrauchs- und Montageanleitung" />
<meta property="og:url" content="https://solarmoov.com/de/produkt/solarmoov-reflektierender-wimpel" />
<meta property="og:site_name" content="SolarMoov" />
<meta property="article:publisher" content="https://www.facebook.com/Solarmoov" />
<meta property="article:modified_time" content="2024-06-27T13:58:18+00:00" />
<meta property="og:image" content="https://solarmoov.com/wp-content/uploads/2023/10/fanion-orange-entier-scaled-e1699519355927.webp" />
	<meta property="og:image:width" content="1416" />
	<meta property="og:image:height" content="2560" />
	<meta property="og:image:type" content="image/webp" />
<meta name="twitter:card" content="summary_large_image" />
<script type="application/ld+json" class="yoast-schema-graph">{"@context":"https:\/\/schema.org","@graph":[{"@type":"WebPage","@id":"https:\/\/solarmoov.com\/de\/produkt\/solarmoov-reflektierender-wimpel","url":"https:\/\/solarmoov.com\/de\/produkt\/solarmoov-reflektierender-wimpel","name":"SolarMoov Reflektierender Wimpel - SolarMoov","isPartOf":{"@id":"https:\/\/solarmoov.com\/de#website"},"primaryImageOfPage":{"@id":"https:\/\/solarmoov.com\/de\/produkt\/solarmoov-reflektierender-wimpel#primaryimage"},"image":{"@id":"https:\/\/solarmoov.com\/de\/produkt\/solarmoov-reflektierender-wimpel#primaryimage"},"thumbnailUrl":"https:\/\/solarmoov.com\/wp-content\/uploads\/2023\/10\/fanion-orange-entier-scaled-e1699519355927.webp","datePublished":"2023-10-10T08:58:12+00:00","dateModified":"2024-06-27T13:58:18+00:00","breadcrumb":{"@id":"https:\/\/solarmoov.com\/de\/produkt\/solarmoov-reflektierender-wimpel#breadcrumb"},"inLanguage":"de","potentialAction":[{"@type":"ReadAction","target":["https:\/\/solarmoov.com\/de\/produkt\/solarmoov-reflektierender-wimpel"]}]},{"@type":"ImageObject","inLanguage":"de","@id":"https:\/\/solarmoov.com\/de\/produkt\/solarmoov-reflektierender-wimpel#primaryimage","url":"https:\/\/solarmoov.com\/wp-content\/uploads\/2023\/10\/fanion-orange-entier-scaled-e1699519355927.webp","contentUrl":"https:\/\/solarmoov.com\/wp-content\/uploads\/2023\/10\/fanion-orange-entier-scaled-e1699519355927.webp","width":1416,"height":2560},{"@type":"BreadcrumbList","@id":"https:\/\/solarmoov.com\/de\/produkt\/solarmoov-reflektierender-wimpel#breadcrumb","itemListElement":[{"@type":"ListItem","position":1,"name":"Accueil","item":"https:\/\/solarmoov.com\/de\/startseite"},{"@type":"ListItem","position":2,"name":"BOUTIQUE","item":"https:\/\/solarmoov.com\/de?page_id=17295"},{"@type":"ListItem","position":3,"name":"SolarMoov Reflektierender Wimpel"}]},{"@type":"WebSite","@id":"https:\/\/solarmoov.com\/de#website","url":"https:\/\/solarmoov.com\/de","name":"SolarMoov","description":"Remorques pour vélos et cycles","publisher":{"@id":"https:\/\/solarmoov.com\/de#organization"},"potentialAction":[{"@type":"SearchAction","target":{"@type":"EntryPoint","urlTemplate":"https:\/\/solarmoov.com\/de?s={search_term_string}"},"query-input":{"@type":"PropertyValueSpecification","valueRequired":true,"valueName":"search_term_string"}}],"inLanguage":"de"},{"@type":"Organization","@id":"https:\/\/solarmoov.com\/de#organization","name":"SolarMoov","url":"https:\/\/solarmoov.com\/de","logo":{"@type":"ImageObject","inLanguage":"de","@id":"https:\/\/solarmoov.com\/de#\/schema\/logo\/image\/","url":"https:\/\/solarmoov.com\/wp-content\/uploads\/2023\/05\/cropped-SIGNATURE-MAIL_icone-jaune-fond-vert.png","contentUrl":"https:\/\/solarmoov.com\/wp-content\/uploads\/2023\/05\/cropped-SIGNATURE-MAIL_icone-jaune-fond-vert.png","width":512,"height":512,"caption":"SolarMoov"},"image":{"@id":"https:\/\/solarmoov.com\/de#\/schema\/logo\/image\/"},"sameAs":["https:\/\/www.facebook.com\/Solarmoov","https:\/\/www.linkedin.com\/company\/86362551"]}]}</script>
<!-- / Yoast SEO plugin. -->

SolarMoov Reflektierender Wimpel für Kern Anhänger. Zweiteiliges 6mm Carbonrohr (2x50cm) mit Aluminiumverbindung. Schnelle Befestigung ohne Werkzeug am Anhänger. Zusammengeklappt passt alles in den Kofferraum des Anhängers. Gesamtlänge 1,05 m. Download der Gebrauchs- und Montageanleitung

Remorques pour vélos et cycles
